{"id":248,"date":"2023-12-20T16:30:50","date_gmt":"2023-12-20T16:30:50","guid":{"rendered":"https:\/\/painelusinas.deltaenergia.com.br\/?page_id=248"},"modified":"2025-09-11T20:38:34","modified_gmt":"2025-09-11T20:38:34","slug":"ufv-getulandia","status":"publish","type":"page","link":"https:\/\/painelusinas.deltaenergia.com.br\/index.php\/ufv-getulandia\/","title":{"rendered":"UFV Getul\u00e2ndia"},"content":{"rendered":"","protected":false},"excerpt":{"rendered":"","protected":false},"author":1,"featured_media":0,"parent":0,"menu_order":0,"comment_status":"closed","ping_status":"closed","template":"","meta":{"footnotes":""},"acf":{"ativar_usina":true,"entrada_em_operacao":"USINA CONECTADA EM JUNHO 2024","potencia":"1,441 MWp \/ 1,000 MWac","potencia_parcialmente_conectada":"","endereco":"Estrada Fazenda Santa L\u00facia, 900, LT 03-  Fazenda da Grama","cronograma_de_evolucao":"100%","data_de_inicio":"13\/11\/2023","data_do_termino":"setembro\/2024","volume_de_energia":"2,07 GWh\/ano","concessionaria":"Light","capex":"R$ 5.637.679","estruturas":"Fixa","licenciamento_ambiental":"Atividade isenta","documento_do_orgao_ambiental":"Iniciado","documento_ambiental_municipal":"Emitido \u2013 Certid\u00e3o Ambiental N\u00ba 03 \u2013 04 \/ 2023","supressao_vegetal":"N\u00e3o aplic\u00e1vel","status_licenciamento_ambiental":"Conclu\u00eddo","tipo_de_contrato":"Direito de uso de superf\u00edcie","status_do_contrato":"Assinado \/ Em Registro","area":"4,0 hectares","preco":"R$ 1.667 \/ha\/M\u00eas @IPCA","matricula":"N\u00b0 2.900 \u2013 Comarca de Rio Claro\/RJ","status_do_fundiario":"Em escritura\u00e7\u00e3o","status_da_obra":"Conclu\u00edda","status_financeiro":"","contratos_com_a_distribuidora":"CUSD e CCER assinados","desenvolvedor_do_projeto_e_parecer_de_acesso":"Terceiro","equipamentos":"M\u00f3dulos fotovoltaicos Risen 690W \/ Inversores Sungrow 333kW \/ Estrutura fixa Arcol","fornecedores":"CT Botelho (Kit Gera\u00e7\u00e3o Solar) \/ Volts (EPC)","offtaker":"","estrutura_societaria":"Delta Energia x USFV Rio Claro LTDA","foto_principal":"https:\/\/painelusinas.deltaenergia.com.br\/wp-content\/uploads\/2024\/08\/Getulandia-Principal4.png","avancos":"https:\/\/painelusinas.deltaenergia.com.br\/wp-content\/uploads\/2023\/12\/avanco-4.png","vetor_mapa":"https:\/\/painelusinas.deltaenergia.com.br\/wp-content\/uploads\/2023\/12\/mapa-12.png","imagem_mapa":"https:\/\/painelusinas.deltaenergia.com.br\/wp-content\/uploads\/2024\/03\/8.-Getulandia-Mapa.png","foto_1":"https:\/\/painelusinas.deltaenergia.com.br\/wp-content\/uploads\/2024\/02\/Getulandia-2.png","foto_2":"https:\/\/painelusinas.deltaenergia.com.br\/wp-content\/uploads\/2024\/03\/Getulandia-5.png","foto_3":"https:\/\/painelusinas.deltaenergia.com.br\/wp-content\/uploads\/2024\/04\/Getulandia-7.png","foto_4":"https:\/\/painelusinas.deltaenergia.com.br\/wp-content\/uploads\/2024\/05\/Getulandia-8.1.png","foto_5":"https:\/\/painelusinas.deltaenergia.com.br\/wp-content\/uploads\/2024\/08\/Getulandia-12.png","foto_6":false,"cronograma_de_evolucao_financeira":"100%"},"_links":{"self":[{"href":"https:\/\/painelusinas.deltaenergia.com.br\/index.php\/wp-json\/wp\/v2\/pages\/248"}],"collection":[{"href":"https:\/\/painelusinas.deltaenergia.com.br\/index.php\/wp-json\/wp\/v2\/pages"}],"about":[{"href":"https:\/\/painelusinas.deltaenergia.com.br\/index.php\/wp-json\/wp\/v2\/types\/page"}],"author":[{"embeddable":true,"href":"https:\/\/painelusinas.deltaenergia.com.br\/index.php\/wp-json\/wp\/v2\/users\/1"}],"replies":[{"embeddable":true,"href":"https:\/\/painelusinas.deltaenergia.com.br\/index.php\/wp-json\/wp\/v2\/comments?post=248"}],"version-history":[{"count":66,"href":"https:\/\/painelusinas.deltaenergia.com.br\/index.php\/wp-json\/wp\/v2\/pages\/248\/revisions"}],"predecessor-version":[{"id":1952,"href":"https:\/\/painelusinas.deltaenergia.com.br\/index.php\/wp-json\/wp\/v2\/pages\/248\/revisions\/1952"}],"wp:attachment":[{"href":"https:\/\/painelusinas.deltaenergia.com.br\/index.php\/wp-json\/wp\/v2\/media?parent=248"}],"curies":[{"name":"wp","href":"https:\/\/api.w.org\/{rel}","templated":true}]}}